{"id":651,"date":"2022-11-24T21:51:57","date_gmt":"2022-11-24T21:51:57","guid":{"rendered":"http:\/\/kaja-martin.de\/?page_id=651"},"modified":"2026-01-19T21:56:21","modified_gmt":"2026-01-19T21:56:21","slug":"vita","status":"publish","type":"page","link":"https:\/\/kaja-martin.de\/?page_id=651","title":{"rendered":"Vita"},"content":{"rendered":"\n<figure class=\"wp-block-image size-full\"><img decoding=\"async\" src=\"https:\/\/kaja-martin.de\/wp-content\/uploads\/2024\/07\/Kaja-Martin-Malerei-Kunst-Kuenstlerin-Darmstadt_01-1.jpg\" alt=\"\" class=\"wp-image-1791\"\/><\/figure>\n\n\n\n<hr class=\"wp-block-separator has-alpha-channel-opacity\"\/>\n\n\n<p><span style=\"font-family: Verdana, sans-serif;\"><span style=\"font-size: small;\">Kaja Martin<\/span><\/span><\/p>\n<p><span style=\"font-family: Verdana, sans-serif;\"><span style=\"font-size: small;\">Kreativit\u00e4t als Ausdrucksmittel war und ist f\u00fcr mich wichtig. Ich habe nie aufgeh\u00f6rt zu malen und zu zeichnen. Mit verschiedenen Materialien zu arbeiten und dabei Neues entstehen zu lassen macht mich gl\u00fccklich. Beruflich kann ich es in meiner Arbeit als Erzieherin einsetzen.<br \/><\/span><\/span><span style=\"font-family: Verdana, sans-serif;\"><span style=\"font-size: small;\">Dies f\u00fchrte mich 2013 zur Weiterbildung \u201eFachkraft f\u00fcr Kunst und Gestaltung\u201c bei der K\u00fcnstlerin Mara Anders.<br \/><\/span><\/span><span style=\"font-family: Verdana, sans-serif;\"><span style=\"font-size: small;\">Es folgten diverse Kunstkurse, mit unterschiedlichen Techniken, wie Aquarell und erste Experimente mit Acryl. Kurse zum T\u00f6pfern und Werken erg\u00e4nzten mein Erfahrungsspektrum.<br \/><\/span><\/span><span style=\"font-family: Verdana, sans-serif;\"><span style=\"font-size: small;\">2017 entschied ich mich dann, die Ausbildung \u201eFreie Malerei\u201c an der Freien Akademie f\u00fcr Kunst und Kreativit\u00e4t \u201eakkrea\u201c in Ober-Ramstadt bei den K\u00fcnstlern Horst Benz und Heidi Schrickel zu beginnen.<\/span><\/span><\/p>\n<p><span style=\"font-family: Verdana, sans-serif;\"><span style=\"font-size: small;\">Erste Ausstellung im M\u00e4rz 2020 in der Weinspirale Darmstadt<\/span><\/span><\/p>\n<p><span style=\"font-family: Verdana, sans-serif;\"><span style=\"font-size: small;\">Mitglied der K\u00fcnstlerInnengruppe \u201eVielmalerei\u201c \/ Eberstadt<\/span><\/span><\/p>\n<p><span style=\"font-family: Verdana, sans-serif;\"><span style=\"font-size: small;\">Mitausstellerin beim \u201eTag des offenen Ateliers\u201c 17. +18. September 2022 des Kultursommers S\u00fcdhessen, im Atelier Drexler<\/span><\/span><\/p>\n<p><span style=\"font-family: Verdana, sans-serif;\"><span style=\"font-size: small;\">Mitglied und Gemeinschaftsausstellung der K\u00fcnstlergruppe fm-17 vom 5.11. \u2013 21.12.2022 in der Weinspirale Darmstadt<\/span><\/span><\/p>\n<p><span style=\"font-family: Verdana, sans-serif;\"><span style=\"font-size: small;\">Gemeinschaftsausstellung \u201eSchuppenart auf Himmelfahrt\u201c der K\u00fcnstlerInnengruppe \u201cSchuppenart\u201c in der Scheunengalerie von C. und M. G\u00fcnther in Arheilgen, 18.-21. Mai 2023<\/span><\/span><\/p>\n<p><span style=\"font-family: Verdana, sans-serif;\"><span style=\"font-size: small;\">Tag des offenen Ateliers 2023, Atelier Farbregen, Kaja Martin und Alexandra Mangold, 16. +17. September 2023<\/span><\/span><\/p>\n<p><span style=\"font-family: Verdana, sans-serif;\"><span style=\"font-size: small;\">Vorsemester an der Freien Kunstakademie Mannheim vom 15.9.23 \u2013 28.02.24<\/span><\/span><\/p>\n<p><span style=\"font-family: Verdana, sans-serif;\"><span style=\"font-size: small;\">Gemeinschaftsausstellung \u201eEins\u201c der K\u00fcnstlerInnengruppe \u201eVielmalerei\u201c in der Geibelschen Schmiede 30.09.23<\/span><\/span><\/p>\n<p><span style=\"font-family: Verdana, sans-serif;\"><span style=\"font-size: small;\">Gemeinschaftsausstellung \u201eWindmond\u201c der K\u00fcnstlerInnengruppe \u201eSchuppenart\u201c in der Scheunengalerie, 01.11 \u2013 5.11.23<\/span><\/span><\/p>\n<p><span style=\"font-family: Verdana, sans-serif;\"><span style=\"font-size: small;\">\u00a0Vorsemester Mappenpr\u00fcfung an der FKAM\u00a0 Februar 24, Zulassung zum Hauptstudium <\/span><\/span><\/p>\n<p><span style=\"font-family: Verdana, sans-serif;\"><span style=\"font-size: small;\">Gemeinschaftsausstellung \u201eArheilgen malt&#8230;\u201c der K\u00fcnstlerInnengruppe Schuppenart in der Scheunengalerie, 09.05 \u2013 12.05.24<\/span><\/span><\/p>\n<p><span style=\"font-family: Verdana, sans-serif;\"><span style=\"font-size: small;\">Seit Oktober2024 berufsbegleitendes Kunststudium an der Europ\u00e4ischen Kunstakademie Trier<\/span><\/span><\/p>\n<p>Mitglied der Gedok Wiesbaden-Mainz, 01.01.25<\/p>\n<p>Gemeinschaftsausstellung Gedok Wi-Mz &#8222;(Un)-Fruchtbarkeit&#8220;, K-in-Lautern, Kaiserslautern, 15.02 &#8211; 14.03.25<\/p>","protected":false},"excerpt":{"rendered":"<p>Kaja Martin Kreativit\u00e4t als Ausdrucksmittel war und ist f\u00fcr mich wichtig. Ich habe nie aufgeh\u00f6rt zu malen und zu zeichnen. Mit verschiedenen Materialien zu arbeiten und dabei Neues entstehen zu lassen macht mich gl\u00fccklich. Beruflich kann ich es in meiner Arbeit als Erzieherin einsetzen.Dies f\u00fchrte mich 2013 zur Weiterbildung \u201eFachkraft f\u00fcr Kunst und Gestaltung\u201c bei [&hellip;]<\/p>\n","protected":false},"author":2,"featured_media":2384,"parent":0,"menu_order":0,"comment_status":"closed","ping_status":"closed","template":"","meta":{"footnotes":""},"class_list":["post-651","page","type-page","status-publish","has-post-thumbnail","hentry"],"jetpack_sharing_enabled":true,"_links":{"self":[{"href":"https:\/\/kaja-martin.de\/index.php?rest_route=\/wp\/v2\/pages\/651","targetHints":{"allow":["GET"]}}],"collection":[{"href":"https:\/\/kaja-martin.de\/index.php?rest_route=\/wp\/v2\/pages"}],"about":[{"href":"https:\/\/kaja-martin.de\/index.php?rest_route=\/wp\/v2\/types\/page"}],"author":[{"embeddable":true,"href":"https:\/\/kaja-martin.de\/index.php?rest_route=\/wp\/v2\/users\/2"}],"replies":[{"embeddable":true,"href":"https:\/\/kaja-martin.de\/index.php?rest_route=%2Fwp%2Fv2%2Fcomments&post=651"}],"version-history":[{"count":15,"href":"https:\/\/kaja-martin.de\/index.php?rest_route=\/wp\/v2\/pages\/651\/revisions"}],"predecessor-version":[{"id":2540,"href":"https:\/\/kaja-martin.de\/index.php?rest_route=\/wp\/v2\/pages\/651\/revisions\/2540"}],"wp:featuredmedia":[{"embeddable":true,"href":"https:\/\/kaja-martin.de\/index.php?rest_route=\/wp\/v2\/media\/2384"}],"wp:attachment":[{"href":"https:\/\/kaja-martin.de\/index.php?rest_route=%2Fwp%2Fv2%2Fmedia&parent=651"}],"curies":[{"name":"wp","href":"https:\/\/api.w.org\/{rel}","templated":true}]}}

<figure class="wp-block-image size-full"><img decoding="async" src="https://kaja-martin.de/wp-content/uploads/2024/07/Kaja-Martin-Malerei-Kunst-Kuenstlerin-Darmstadt_01-1.jpg" alt="" class="wp-image-1791"/></figure>



<hr class="wp-block-separator has-alpha-channel-opacity"/>


<p><span style="font-family: Verdana, sans-serif;"><span style="font-size: small;">Kaja Martin</span></span></p>
<p><span style="font-family: Verdana, sans-serif;"><span style="font-size: small;">Kreativität als Ausdrucksmittel war und ist für mich wichtig. Ich habe nie aufgehört zu malen und zu zeichnen. Mit verschiedenen Materialien zu arbeiten und dabei Neues entstehen zu lassen macht mich glücklich. Beruflich kann ich es in meiner Arbeit als Erzieherin einsetzen.<br /></span></span><span style="font-family: Verdana, sans-serif;"><span style="font-size: small;">Dies führte mich 2013 zur Weiterbildung „Fachkraft für Kunst und Gestaltung“ bei der Künstlerin Mara Anders.<br /></span></span><span style="font-family: Verdana, sans-serif;"><span style="font-size: small;">Es folgten diverse Kunstkurse, mit unterschiedlichen Techniken, wie Aquarell und erste Experimente mit Acryl. Kurse zum Töpfern und Werken ergänzten mein Erfahrungsspektrum.<br /></span></span><span style="font-family: Verdana, sans-serif;"><span style="font-size: small;">2017 entschied ich mich dann, die Ausbildung „Freie Malerei“ an der Freien Akademie für Kunst und Kreativität „akkrea“ in Ober-Ramstadt bei den Künstlern Horst Benz und Heidi Schrickel zu beginnen.</span></span></p>
<p><span style="font-family: Verdana, sans-serif;"><span style="font-size: small;">Erste Ausstellung im März 2020 in der Weinspirale Darmstadt</span></span></p>
<p><span style="font-family: Verdana, sans-serif;"><span style="font-size: small;">Mitglied der KünstlerInnengruppe „Vielmalerei“ / Eberstadt</span></span></p>
<p><span style="font-family: Verdana, sans-serif;"><span style="font-size: small;">Mitausstellerin beim „Tag des offenen Ateliers“ 17. +18. September 2022 des Kultursommers Südhessen, im Atelier Drexler</span></span></p>
<p><span style="font-family: Verdana, sans-serif;"><span style="font-size: small;">Mitglied und Gemeinschaftsausstellung der Künstlergruppe fm-17 vom 5.11. – 21.12.2022 in der Weinspirale Darmstadt</span></span></p>
<p><span style="font-family: Verdana, sans-serif;"><span style="font-size: small;">Gemeinschaftsausstellung „Schuppenart auf Himmelfahrt“ der KünstlerInnengruppe “Schuppenart“ in der Scheunengalerie von C. und M. Günther in Arheilgen, 18.-21. Mai 2023</span></span></p>
<p><span style="font-family: Verdana, sans-serif;"><span style="font-size: small;">Tag des offenen Ateliers 2023, Atelier Farbregen, Kaja Martin und Alexandra Mangold, 16. +17. September 2023</span></span></p>
<p><span style="font-family: Verdana, sans-serif;"><span style="font-size: small;">Vorsemester an der Freien Kunstakademie Mannheim vom 15.9.23 – 28.02.24</span></span></p>
<p><span style="font-family: Verdana, sans-serif;"><span style="font-size: small;">Gemeinschaftsausstellung „Eins“ der KünstlerInnengruppe „Vielmalerei“ in der Geibelschen Schmiede 30.09.23</span></span></p>
<p><span style="font-family: Verdana, sans-serif;"><span style="font-size: small;">Gemeinschaftsausstellung „Windmond“ der KünstlerInnengruppe „Schuppenart“ in der Scheunengalerie, 01.11 – 5.11.23</span></span></p>
<p><span style="font-family: Verdana, sans-serif;"><span style="font-size: small;"> Vorsemester Mappenprüfung an der FKAM  Februar 24, Zulassung zum Hauptstudium </span></span></p>
<p><span style="font-family: Verdana, sans-serif;"><span style="font-size: small;">Gemeinschaftsausstellung „Arheilgen malt&#8230;“ der KünstlerInnengruppe Schuppenart in der Scheunengalerie, 09.05 – 12.05.24</span></span></p>
<p><span style="font-family: Verdana, sans-serif;"><span style="font-size: small;">Seit Oktober2024 berufsbegleitendes Kunststudium an der Europäischen Kunstakademie Trier</span></span></p>
<p>Mitglied der Gedok Wiesbaden-Mainz, 01.01.25</p>
<p>Gemeinschaftsausstellung Gedok Wi-Mz &#8222;(Un)-Fruchtbarkeit&#8220;, K-in-Lautern, Kaiserslautern, 15.02 &#8211; 14.03.25</p>

<p>Kaja Martin Kreativität als Ausdrucksmittel war und ist für mich wichtig. Ich habe nie aufgehört zu malen und zu zeichnen. Mit verschiedenen Materialien zu arbeiten und dabei Neues entstehen zu lassen macht mich glücklich. Beruflich kann ich es in meiner Arbeit als Erzieherin einsetzen.Dies führte mich 2013 zur Weiterbildung „Fachkraft für Kunst und Gestaltung“ bei [&hellip;]</p>
